{"id":74,"date":"2024-08-08T13:10:24","date_gmt":"2024-08-08T13:10:24","guid":{"rendered":"https:\/\/www.saar-riesling.com\/?page_id=74"},"modified":"2024-08-15T07:08:34","modified_gmt":"2024-08-15T07:08:34","slug":"gemeinden-region","status":"publish","type":"page","link":"https:\/\/www.saar-riesling.com\/?page_id=74","title":{"rendered":"Gemeinden &#038; Region"},"content":{"rendered":"<table style=\"border-collapse: collapse; width: 100%;\">\n<tbody>\n<tr>\n<td style=\"width: 50%;\" colspan=\"2\">\n<p>Steile Rebh\u00e4nge und schmucke Winzerd\u00f6rfer pr\u00e4gen das Bild des unteren Saartals. Das 1000j\u00e4hrige St\u00e4dtchen Saarburg bezaubert die Besucher mit seiner malerischen Altstadt und einem wildrauschenden Wasserfall. Beim aufstrebenden St\u00e4dtchen Konz m\u00fcndet die Saar in die Mosel \u2013 direkt vor den Toren von Trier, der einstigen r\u00f6mischen Hauptstadt mit ihren Prachtbauten und Kunstsch\u00e4tzen.<\/p>\n<p>Die Saar ist ein vielgestaltiger Fluss voller \u00dcberraschungen entlang seines 246km langen Laufes. Als Wei\u00dfe und Rote Saar entspringt sie in den franz\u00f6sischen Vogesen, vereinigt sich alsbald und flie\u00dft als quirliger Gebirgsbach durch Lothringen. Zu einem Fluss anwachsend wird die Saar auf ihrem Weg ins Saarland zum Bindeglied zwischen Frankreich und Deutschland. Stille W\u00e4lder und Auen durchstr\u00f6mt sie, bevor sie die Landeshauptstadt Saarbr\u00fccken mit ihren eindrucksvollen Bauten und historischen Denkm\u00e4lern erreicht. Mit der grandiosen Saarschleife bei Mettlach nimmt der Fluss Abschied vom Saarland und durchflie\u00dft in k\u00fchnen Schw\u00fcngen im rheinland-pf\u00e4lzischen Unterlauf das Weinland, in dem der SaarRiesling gedeiht.<\/p>\n<p>Die Weinorte an der Saar (saarabw\u00e4rts: Serrig, Staadt, Saarburg, Irsch, Ockfen, Ayl, Biebelhausen, Schoden, Wiltingen, Kanzem, Wawern, Filzem, Oberemmel, Krettnach, Nieder- u. Obermennig, Konz) haben vieles zu bieten: dem Naturfreund ebenso wie dem Kulturinteressierten, dem Genie\u00dfer wie dem Aktivurlauber. Jede Jahreszeit hat ihren Reiz in dieser einzigartigen Flusslandschaft, die vom Weinbau gepr\u00e4gt ist. (Klicken Sie auf die Grafik um eine gr\u00f6\u00dfere Darstellung zu erhalten)<\/p>\n<\/td>\n<\/tr>\n<tr>\n<td style=\"width: 50%; vertical-align: top;\">\n<p>Der Saarweinwanderweg durchzieht diese einmalige Kulturlandschaft auf einem Rundkurs von 80km L\u00e4nge. Durch Weinberge und W\u00e4lder, durch das Saartal und seine angrenzenden H\u00f6hen erschlie\u00dft sich auf ihm per Pedes der ganze Zauber dieses Landstriches. Ein <a href=\"https:\/\/www.saar-riesling.com\/upload\/dokumente\/pdf\/Flyer_Saarweinwanderweg.pdf\" target=\"_blank\" rel=\"noopener\">informatives Faltblatt<\/a> gibt den <a href=\"https:\/\/www.saar-riesling.com\/upload\/dokumente\/pdf\/Karte_Saarweinwanderweg.pdf\" target=\"_blank\" rel=\"noopener\">Wegeverlauf<\/a> wider.<br \/>\nEin bestens ausgebautes Radwegenetz entlang der Saar und der Mosel erm\u00f6glicht interessante Touren bis nach Luxemburg und Frankreich.\u00a0<\/p>\n<\/td>\n<td style=\"width: 50%; vertical-align: top;\"><a href=\"https:\/\/www.saar-riesling.com\/wp-content\/uploads\/2024\/08\/Weinlagenkarte.pdf\"><img loading=\"lazy\" decoding=\"async\" class=\"alignnone  wp-image-61\" src=\"https:\/\/www.saar-riesling.com\/wp-content\/uploads\/2024\/08\/weinlagen_klein-204x300.jpg\" alt=\"\" width=\"277\" height=\"401\" \/><\/a><\/td>\n<\/tr>\n<tr>\n<td style=\"width: 50%;\" colspan=\"2\">\n<p>N\u00e4here Informationen zum sonstigen touristischen Angebot an der Saar erhalten Sie bei der <a href=\"http:\/\/www.saar-obermosel.de\/\" target=\"_blank\" rel=\"noopener\">Saar-Obermosel-Touristik <\/a>in Saarburg und Konz.<\/p>\n<p>Die knapp 800ha Rebfl\u00e4che an der Saar bilden weinrechtlich einen eigenen Weinbaubereich \u201eSaar\u201c; dieser bildet mit f\u00fcnf anderen Bereichen das Weinanbaugebiet \u201eMosel\u201c (ehemals \u201eMosel-Saar-Ruwer\u201c), welches eines von 13 Anbaugebieten in Deutschland ist. N\u00e4here Informationen zum gesamten Weinbaugebiet Mosel erhalten Sie bei der <a href=\"http:\/\/www.weinland-mosel.de\" target=\"_blank\" rel=\"noopener\">Moselwein e.V.<\/a><\/p>\n<\/td>\n<\/tr>\n<\/tbody>\n<\/table>\n<p>&nbsp;<\/p>\n<p>&nbsp;<\/p>\n","protected":false},"excerpt":{"rendered":"<p>Steile Rebh\u00e4nge und schmucke Winzerd\u00f6rfer pr\u00e4gen das Bild des unteren Saartals. Das 1000j\u00e4hrige St\u00e4dtchen Saarburg bezaubert die Besucher mit seiner malerischen Altstadt und einem wildrauschenden Wasserfall. Beim aufstrebenden St\u00e4dtchen Konz m\u00fcndet die Saar in die Mosel \u2013 direkt vor den &hellip; <a href=\"https:\/\/www.saar-riesling.com\/?page_id=74\">Weiterlesen <span class=\"meta-nav\">&rarr;<\/span><\/a><\/p>\n","protected":false},"author":1,"featured_media":0,"parent":0,"menu_order":0,"comment_status":"closed","ping_status":"closed","template":"","meta":{"footnotes":""},"class_list":["post-74","page","type-page","status-publish","hentry"],"_links":{"self":[{"href":"https:\/\/www.saar-riesling.com\/index.php?rest_route=\/wp\/v2\/pages\/74","targetHints":{"allow":["GET"]}}],"collection":[{"href":"https:\/\/www.saar-riesling.com\/index.php?rest_route=\/wp\/v2\/pages"}],"about":[{"href":"https:\/\/www.saar-riesling.com\/index.php?rest_route=\/wp\/v2\/types\/page"}],"author":[{"embeddable":true,"href":"https:\/\/www.saar-riesling.com\/index.php?rest_route=\/wp\/v2\/users\/1"}],"replies":[{"embeddable":true,"href":"https:\/\/www.saar-riesling.com\/index.php?rest_route=%2Fwp%2Fv2%2Fcomments&post=74"}],"version-history":[{"count":4,"href":"https:\/\/www.saar-riesling.com\/index.php?rest_route=\/wp\/v2\/pages\/74\/revisions"}],"predecessor-version":[{"id":114,"href":"https:\/\/www.saar-riesling.com\/index.php?rest_route=\/wp\/v2\/pages\/74\/revisions\/114"}],"wp:attachment":[{"href":"https:\/\/www.saar-riesling.com\/index.php?rest_route=%2Fwp%2Fv2%2Fmedia&parent=74"}],"curies":[{"name":"wp","href":"https:\/\/api.w.org\/{rel}","templated":true}]}}