{"id":10,"date":"2024-08-08T11:30:34","date_gmt":"2024-08-08T11:30:34","guid":{"rendered":"https:\/\/www.saar-riesling.com\/?page_id=10"},"modified":"2024-08-15T07:05:04","modified_gmt":"2024-08-15T07:05:04","slug":"boden-lagen","status":"publish","type":"page","link":"https:\/\/www.saar-riesling.com\/?page_id=10","title":{"rendered":"Boden &amp; Lagen"},"content":{"rendered":"<table style=\"border-collapse: collapse; width: 100%;\">\n<tbody>\n<tr>\n<td style=\"width: 50%;\" colspan=\"2\">\n<p>Die Saar hat sich an ihrem 25km langen Unterlauf zwischen der imposanten Saarschleife und der Saarm\u00fcndung in die Mosel tief ins Rheinische Schiefergebirge eingegraben und so die steilen H\u00e4nge mit den Schieferb\u00f6den entstehen lassen \u2013 das Terroir schlechthin f\u00fcr Riesling.<\/p>\n<p>Die Kombination von Reben, Mikroklima und Boden bringt in einer langen Vegetationsperiode von 140 Tagen zwischen Bl\u00fcte und Reife einzigartige Weine hervor.<\/p>\n<\/td>\n<\/tr>\n<tr>\n<td style=\"width: 50%;\">\n<p>Besonders die nach S\u00fcden ausgerichteten Saarsteilh\u00e4nge, die das meiste Sonnenlicht einfangen, z\u00e4hlen unter den Weinkritikern der Welt zu den internationalen Toplagen. Mit dem Scharzhofberg bei Wiltingen, der Ayler Kupp, dem Ockfener Bockstein und dem Kanzemer Altenberg liegen gleich mehrere der bekanntesten Rieslinglagen der Welt an der Saar. (Klicken Sie auf die Grafik um eine gr\u00f6\u00dfere Darstellung zu erhalten)<\/p>\n<p>&nbsp;<\/p>\n<\/td>\n<td style=\"width: 50%; vertical-align: top;\"><a href=\"https:\/\/www.saar-riesling.com\/wp-content\/uploads\/2024\/08\/Weinlagenkarte.pdf\"><img loading=\"lazy\" decoding=\"async\" class=\"alignnone  wp-image-61\" src=\"https:\/\/www.saar-riesling.com\/wp-content\/uploads\/2024\/08\/weinlagen_klein-204x300.jpg\" alt=\"\" width=\"317\" height=\"458\" \/><\/a><\/td>\n<\/tr>\n<tr>\n<td style=\"width: 50%;\" colspan=\"2\">\n<p>Dominierend an der Saar ist das devonischen Schiefergestein mit seiner enormen Mineralik, auch wenn sich in einigen Lagen sich Diabas, ein Gestein vulkanischen Ursprungs, findet.<\/p>\n<p>Das 400 Mio. Jahre alte kalkfreie Schiefergestein verwittert sehr leicht, so dass seine Bestandteile zerfallen und den Boden bereichern. Im Grundwasser wird der Devonschiefer gel\u00f6st und von den metertief in den Untergrund eindringenden Wurzeln der Rieslingrebe aufgenommen. Je nach Lage findet sich oftmals purer Schiefer in allen Schattierungen von grau, blau \u00fcber braun bis r\u00f6tlich, h\u00e4ufig mit hohem Steinanteil, aber auch vermischt mit Lehm. Der Devonschiefer ist so feinbl\u00e4ttrig, dass er von Hand zerbrochen werden kann.<\/p>\n<p>Durch die Hanglage erhalten die Reben ideale Sonneneinstrahlung; der dunkle Schieferboden speichert am Tag die Sonnenw\u00e4rme und gibt sie nachts wieder ab. Dies ist vor allem in den k\u00fchlen Herbstn\u00e4chten von Vorteil f\u00fcr die Fruchtentwicklung der Rieslingrebe. So hat die sp\u00e4t reifende SaarRiesling-Traube durch ihre lange Reifephase bis in den<\/p>\n<\/td>\n<\/tr>\n<tr>\n<td colspan=\"2\">November hinein Zeit Fruchtzucker, Mineralstoffe und Vitamine anzusammeln. Deshalb kann der SaarRiesling in diesem n\u00f6rdlichen Anbaugebiet mit Weinen des S\u00fcdens konkurrieren. Wegen der h\u00f6heren Lage des Saartales und die etwas niedrigere Durchschnittstemperatur ist die Reifephase des Rieslings hier noch l\u00e4nger als an Mittel- oder Untermosel.<\/p>\n<p>Den Wert der Toplagen an der Saar hatte der preu\u00dfische Staat erkannt und f\u00fcr seine Steuersch\u00e4tzung bereits 1868 eine Lagenklassifikation f\u00fcr den Regierungsbezirk Trier herausgegeben. Das von Katasterinspektor Steuerrat Clotten erstellte Dokument beruht auf den Ergebnissen einer von 1816 bis 1832 durch die preu\u00dfischen Steuerbeh\u00f6rden erfolgten Bewertung der Weinlagen an Mosel, Saar und Ruwer im damaligen Bezirk Trier. Die historische Weinlagenkarte stellt in einer Farbabstufung die Weinbergslagen des Anbaugebietes von Mosel, Saar und Ruwer dar. Diese Lagenklassifikation ist somit die \u00e4lteste der Welt und wurde weit fr\u00fcher als die heute bekannteren von Burgund oder Bordeaux erstellt. Ein Neudruck der historischen Karte kann \u00fcber den <a href=\"http:\/\/www.weinland-mosel.de\" target=\"_blank\" rel=\"noopener\">Moselwein e.V.<\/a> bezogen werden.<\/p>\n<p>Detaillierte Informationen \u00fcber die Entstehung und die Bodeneigenschaften der f\u00fcr die Saar typischen dunklen Devonschiefer sowie den typischen Weinstil dieser B\u00f6den k\u00f6nnen Sie dem <a href=\"https:\/\/www.saar-riesling.com\/upload\/originale\/bodenundlagen\/Terroirbroschuere_Devonische_Tonschiefer.pdf\" target=\"_blank\" rel=\"noopener\">Auszug aus der Brosch\u00fcre \u201eTerroir an Mosel, Saar, Ruwer\u201c<\/a> entnehmen ( Hrsg.: Moselwein e.V.).<\/p>\n<p>Link: <a href=\"http:\/\/www.weinlagen.info\" target=\"_blank\" rel=\"noopener\">www.weinlagen.info<\/a><\/p>\n<p><a href=\"https:\/\/www.saar-riesling.com\/upload\/originale\/bodenundlagen\/Weinlagenkarte.pdf\" target=\"_blank\" rel=\"noopener\">Weinlagenkarte\u00a0der Saar\u00a0aufrufen<\/a><\/p>\n<\/td>\n<\/tr>\n<tr>\n<td style=\"width: 50%;\" colspan=\"2\"><img loading=\"lazy\" decoding=\"async\" class=\"alignnone  wp-image-106\" src=\"https:\/\/www.saar-riesling.com\/wp-content\/uploads\/2024\/08\/WILTINGEN-VOM-GALGENBERG-04-300x225.jpg\" alt=\"\" width=\"585\" height=\"444\" \/><\/td>\n<\/tr>\n<\/tbody>\n<\/table>\n<p>&nbsp;<\/p>\n<p>&nbsp;<\/p>\n","protected":false},"excerpt":{"rendered":"<p>Die Saar hat sich an ihrem 25km langen Unterlauf zwischen der imposanten Saarschleife und der Saarm\u00fcndung in die Mosel tief ins Rheinische Schiefergebirge eingegraben und so die steilen H\u00e4nge mit den Schieferb\u00f6den entstehen lassen \u2013 das Terroir schlechthin f\u00fcr Riesling. &hellip; <a href=\"https:\/\/www.saar-riesling.com\/?page_id=10\">Weiterlesen <span class=\"meta-nav\">&rarr;<\/span><\/a><\/p>\n","protected":false},"author":1,"featured_media":0,"parent":0,"menu_order":0,"comment_status":"closed","ping_status":"closed","template":"","meta":{"footnotes":""},"class_list":["post-10","page","type-page","status-publish","hentry"],"_links":{"self":[{"href":"https:\/\/www.saar-riesling.com\/index.php?rest_route=\/wp\/v2\/pages\/10","targetHints":{"allow":["GET"]}}],"collection":[{"href":"https:\/\/www.saar-riesling.com\/index.php?rest_route=\/wp\/v2\/pages"}],"about":[{"href":"https:\/\/www.saar-riesling.com\/index.php?rest_route=\/wp\/v2\/types\/page"}],"author":[{"embeddable":true,"href":"https:\/\/www.saar-riesling.com\/index.php?rest_route=\/wp\/v2\/users\/1"}],"replies":[{"embeddable":true,"href":"https:\/\/www.saar-riesling.com\/index.php?rest_route=%2Fwp%2Fv2%2Fcomments&post=10"}],"version-history":[{"count":9,"href":"https:\/\/www.saar-riesling.com\/index.php?rest_route=\/wp\/v2\/pages\/10\/revisions"}],"predecessor-version":[{"id":111,"href":"https:\/\/www.saar-riesling.com\/index.php?rest_route=\/wp\/v2\/pages\/10\/revisions\/111"}],"wp:attachment":[{"href":"https:\/\/www.saar-riesling.com\/index.php?rest_route=%2Fwp%2Fv2%2Fmedia&parent=10"}],"curies":[{"name":"wp","href":"https:\/\/api.w.org\/{rel}","templated":true}]}}